ed by v?
22
Let g(h) = h**2 + 3*h + 78. What is the remainder when g(-16) is divided by 59?
50
Let o(d) = -6*d - 101. Let v = 22 - 10. Calculate the remainder when v is divided by o(-18).
5
Let w = 34 - 61. Let s = 12 + w. Let d(f) = -3*f - 18. Calculate the remainder when d(s) is divided by 10.
7
Let v = 226 + -34. What is the remainder when v is divided by 49?
45
Let j be 6/(1 + 1 - -1). Let z be 2 + 25 + j + 0. Suppose 0 = 4*g - 4*k + k - z, -2*g - 4*k + 20 = 0. Calculate the remainder when 15 is divided by g.
7
Let b = 734 + -503. Let x = -54 + b. Calculate the remainder when x is divided by 18.
15
Suppose 0 = 8*f + 241 - 1625. Calculate the remainder when f is divided by 53.
14
Let r(f) = 8*f - 48. Let c be r(-17). Let j = -160 - c. Calculate the remainder when 94 is divided by j.
22
Suppose -15*k - 13*k + 504 = 0. Suppose 0 = 3*h + 3*p - 12, -h - 3 = -p + 1. What is the remainder when -3 + h - (-55 + 0) is divided by k?
16
Suppose 0 = -3*t - 4*r + 39, -3*r - 2*r = -15. Calculate the remainder when 61 is divided by t.
7
Suppose 2769 = 5*q + 4*t, 12*q - 4*t - 2244 = 8*q. Calculate the remainder when q is divided by 7.
4
Let f = -550 - -679. What is the remainder when f is divided by 14?
3
Let c(q) = 5*q**2 + q + 19. What is the remainder when c(-4) is divided by 12?
11
Let v be 8/(6/(0 - -3)). Let q be -13 - (-1 - (-1 + v)). Calculate the remainder when 29 is divided by 48/9*q/(-6).
5
Let d be (40/30)/((-2)/(-6)). Suppose d*x = 12*x - 192. What is the remainder when x is divided by -1*-1*1*13?
11
Calculate the remainder when 28/8*432/(-420)*-30 is divided by 64.
44
Suppose -6*j = -4*j + 64. Let g = j + 74. Calculate the remainder when 208 is divided by g.
40
Suppose 0 = 4*u + 2*j + 18, -3*u = -6*u - j - 16. What is the remainder when (-254)/u - (5 + (-66)/14) is divided by 10?
6
Let a = 26 - 15. Calculate the remainder when 31 is divided by a - (2/2 + -1).
9
Suppose -2*m - 85 = 5*t, -t + 4*m = 6 + 33. Let p = t + 20. Calculate the remainder when 1 is divided by p.
0
Calculate the remainder when (231/(-28) - -8)/(2/(-584)) is divided by 37.
36
Let b(s) = -23*s**3 - s**2. What is the remainder when 372 is divided by b(-1)?
20
What is the remainder when 142 is divided by (-126)/(-15) - (-28)/(-70)?
6
Let x(d) = 75*d - 88. Calculate the remainder when x(3) is divided by 42.
11
Suppose 3*o = 3, 5*o - 156 - 77 = -3*m. What is the remainder when m is divided by (0/2 - 2)*-10?
16
Let i(v) = v**3 - 6*v**2 + 3*v + 12. Let b be i(5). Suppose 0 = b*r - 18 - 6. What is the remainder when 59 is divided by r?
11
Suppose o + 7 = 10. Suppose -4 = -2*y + 38. Let c = -18 + y. Calculate the remainder when o is divided by c.
0
Suppose -3*c + 0*c - 6 = 3*o, 0 = c + 5*o + 22. Calculate the remainder when 82 is divided by 4 + c/(9/51).
19
Suppose -23 - 2 = -r. Suppose -6*n - 70 = -508. What is the remainder when n is divided by r?
23
Suppose -10*o = -14*o + 160. What is the remainder when o is divided by 19?
2
Suppose 4*f + 3*v = 4*v + 1113, 0 = -5*f + v + 1391. What is the remainder when f is divided by 40?
38
Let h be -1 + 4 - (2 + 1). Let n = h - -2. Suppose -20 = -0*i - n*i. Calculate the remainder when 37 is divided by i.
7
Let z(p) = 5*p**2 + p + 1. Let j be (8/(-10))/((-24)/(-60)). What is the remainder when z(j) is divided by 8?
3
Suppose 14*q - 5*q - 387 = 0. Suppose -75 - 93 = -2*p. What is the remainder when p is divided by q?
41
Suppose 2*h = -3*h - 2*t + 49, 0 = t - 2. Calculate the remainder when 732/h + (-16)/(-24) is divided by 21.
19
Let h be (-1)/(6/4)*-3. Suppose -4*v = -m - 155, 2*v + h*v = -5*m + 161. Let i = v - 24. What is the remainder when i is divided by 6?
3
Suppose 9*p - 6 - 921 = 0. Let b = -81 + p. Calculate the remainder when b is divided by 7.
1
Suppose 3*i - 60 = -2*j + 72, 0 = 5*i - 20. Suppose -2*w - 22 = -c - 5, 4*w = -c + 29. What is the remainder when j is divided by c?
18
Let i(j) = j**3 + 9*j**2 + 2*j - 42. Let u(y) = -y**3 + 4*y**2 + 6*y - 3. Calculate the remainder when i(-8) is divided by u(5).
0
Let y(b) = -b**3 + 15*b**2 + 6*b - 77. What is the remainder when 15 is divided by y(15)?
2
Suppose 0 = -4*t - 2*a + 104, 5*a + 117 = 4*t - 1. What is the remainder when 123 is divided by t?
15
What is the remainder when 88 is divided by ((-9)/10)/9 - (-303)/30?
8
Suppose 5*n - 86 + 21 = 0. Suppose 0 = -0*c + 4*c + 2*a - 36, 0 = -5*a + 10. What is the remainder when n is divided by c?
5
Calculate the remainder when (-69)/(1*(-7 - -6)) is divided by (-65)/(-15) + (-2)/(-3).
4
Let v = 3 - -27. Calculate the remainder when 39 is divided by (-36)/v*75/(-9).
9
Suppose -51*s + 1457 = -7417. What is the remainder when s is divided by 31?
19
Suppose -4*n - 4*r = -156, -7 - 3 = -5*r. Let u be (4/(-10))/(3/(-15)). Suppose -6 + 26 = u*t. Calculate the remainder when n is divided by t.
7
Suppose 4*w = 5*b + 73, -5*w + 62 + 33 = -5*b. Calculate the remainder when 39 is divided by w.
17
Suppose 0 = -i + y + 28, 0 = 3*i - 8*i + y + 120. Suppose -2*m + 0*m + 10 = 0. Suppose 0 = l - m. What is the remainder when i is divided by l?
3
Suppose -5*d + 2*d = -45. Suppose 3*o + f - d = -4*f, -f + 25 = 5*o. Suppose o*n + 35 = 6*n. What is the remainder when n is divided by 12?
11
Suppose -11 = -16*g + 309. What is the remainder when g is divided by 8?
4
Suppose 103 = 2*s - 11. Let l = s + -56. What is the remainder when 5 is divided by l?
0
Suppose -a - 223 = -6*a - 3*j, 67 = a - 5*j. Let d = 147 - a. Calculate the remainder when d is divided by 17.
15
Let o = -191 - -218. Calculate the remainder when 161 is divided by o.
26
What is the remainder when 757 is divided by (-12954)/(-187) - (-3)/(-11)?
67
Let f = 103 + -101. Suppose 4*r - 42 = -2*u, 3*u + f*u + 3*r - 112 = 0. Calculate the remainder when 43 is divided by u.
20
Suppose -85 = -5*n - 10*i + 7*i, 4*n = 3*i + 68. Calculate the remainder when n is divided by 8.
1
Let y = 21 + -18. Suppose 0 = -y*a + 3*b + 18 + 45, -4*b - 9 = -a. Calculate the remainder when (74/(-3))/(2/(-6)) is divided by a.
24
Suppose -5*l + 3*y = y - 28, 0 = -4*l - 4*y. Let w = 6 - l. Let m(i) = -i**2 + 11*i - 19. Calculate the remainder when m(8) is divided by w.
1
Suppose 5*u - 4*u + 5*q = 92, 5*u + q - 508 = 0. What is the remainder when u is divided by 36?
30
Let s(o) = -o**2 + 13*o + 37. What is the remainder when 469 is divided by s(11)?
56
Suppose 3*p - 5*m - 78 = -0*m, -3*p - 4*m = -51. Suppose 2*z + 2*r - 332 = -2*z, 0 = r. Calculate the remainder when z + (0 - 0) - 2 is divided by p.
18
Suppose 19*z - 36*z = -442. What is the remainder when 180 is divided by z?
24
Suppose -4*u + 31 = -17. What is the remainder when -1 - (-21 + -1 - 2) is divided by u?
11
Let g be 3*((-21)/(-9) - 1). Suppose -4*j - s = -72 - 35, 2*j = g*s + 40. What is the remainder when j is divided by 7?
5
Let n(s) = -s**2 + 6*s - 4. Let m be n(4). Let b(q) = q**2 - 6*q + 2. Let a be b(m). What is the remainder when (-4)/a + (-134)/(-6) is divided by 12?
11
Let l = 1113 - 334. Calculate the remainder when l is divided by 12.
11
Suppose 3*z + 10 = -5*a - 2*z, 0 = 4*z + 20. What is the remainder when 118 is divided by 1 - 42/(0 - a)?
13
What is the remainder when 85 is divided by 26 + 16/6 + 48/36?
25
Suppose 2*y = 2*d - 70, 5 + 15 = 5*y. What is the remainder when 189 is divided by d?
33
Let h(v) = -v**2 + 4*v + 2. Let t be h(3). Suppose 5*l = 3*o + 63, o - 5 = -1. Let y = l - t. Calculate the remainder when 39 is divided by y.
9
Let o(n) = n - 1. Let d be o(-10). Let r = -6 - d. Suppose r = a - 12. Calculate the remainder when a is divided by 9.
8
Calculate the remainder when 6 is divided by (-6)/48*2*-16.
2
Let c(g) = 2*g + 40. Let k be c(-12). What is the remainder when 81 is divided by 16*1 - (-14 + k)?
11
Let y(x) = x**3 + 8*x**2 - 3*x - 9. What is the remainder when 241 is divided by y(-5)?
79
Let b be ((-412)/6)/(-1) + 5/15. Suppose 5*s = 2*s + b. Calculate the remainder when 39 is divided by s.
16
Let d(z) = z + 7. Let y be ((-5)/(-2))/((-1)/(-2)). Suppose -40*k + 86*k - 156 = 20*k. What is the remainder when d(y) is divided by k?
0
Suppose -i + 0*i = -9. Let t = 145 - 140. Suppose -t*a = w - i - 14, -2*w - a + 19 = 0. What is the remainder when 22 is divided by w?
6
Suppose -6 = -2*u, 9*k - 8*k + 2*u = 433. What is the remainder when k